{"id":155,"date":"2025-02-08T15:46:10","date_gmt":"2025-02-08T15:46:10","guid":{"rendered":"https:\/\/amine.abied.fr\/?page_id=155"},"modified":"2025-03-19T22:24:38","modified_gmt":"2025-03-19T22:24:38","slug":"projets","status":"publish","type":"page","link":"https:\/\/amine.abied.fr\/index.php\/projets\/","title":{"rendered":"Projets Scolaires"},"content":{"rendered":"\n<div class=\"wp-block-cover alignfull has-parallax wp-duotone-unset-2\" style=\"min-height:900px;aspect-ratio:unset;\"><span aria-hidden=\"true\" class=\"wp-block-cover__background has-background-dim-0 has-background-dim\" style=\"background-color:#272148\"><\/span><div class=\"wp-block-cover__image-background wp-image-156 has-parallax\" style=\"background-position:50% 50%;background-image:url(https:\/\/amine.abied.fr\/wp-content\/uploads\/2025\/02\/pawel-czerwinski-edxkIZwKvJk-unsplash.jpg)\"><\/div><div class=\"wp-block-cover__inner-container is-layout-constrained wp-block-cover-is-layout-constrained\">\n<p class=\"has-text-align-center\" style=\"font-size:53px;font-style:normal;font-weight:1000\"><strong><mark style=\"background-color:rgba(0, 0, 0, 0)\" class=\"has-inline-color has-ast-global-color-4-color\">Nos Projets Scolaires<\/mark><\/strong><\/p>\n\n\n\n<div class=\"wp-block-buttons is-content-justification-center is-layout-flex wp-container-core-buttons-is-layout-a89b3969 wp-block-buttons-is-layout-flex\">\n<div class=\"wp-block-button has-custom-font-size is-style-outline has-medium-font-size is-style-outline--1\"><a class=\"wp-block-button__link has-ast-global-color-5-color has-text-color has-link-color has-text-align-center wp-element-button\" href=\"http:\/\/amine.abied.fr\"><strong>Home<\/strong><\/a><\/div>\n<\/div>\n<\/div><\/div>\n\n\n\n<div style=\"height:22px\" aria-hidden=\"true\" class=\"wp-block-spacer\"><\/div>\n\n\n\n<div class=\"wp-block-cover alignfull has-parallax\" style=\"min-height:1000px;aspect-ratio:unset;\"><span aria-hidden=\"true\" class=\"wp-block-cover__background has-background-dim-0 has-background-dim\" style=\"background-color:#150d1b\"><\/span><div class=\"wp-block-cover__image-background wp-image-157 has-parallax\" style=\"background-position:50% 50%;background-image:url(https:\/\/amine.abied.fr\/wp-content\/uploads\/2025\/02\/pawel-czerwinski-1A_dO4TFKgM-unsplash.jpg)\"><\/div><div class=\"wp-block-cover__inner-container is-layout-constrained wp-block-cover-is-layout-constrained\">\n<p class=\"has-text-align-center has-ast-global-color-5-color has-text-color has-link-color has-large-font-size wp-elements-b519218117aea175f5ef78ce59f74d00\">Dans notre parcours en sciences de l\u2019ing\u00e9nieur, nous r\u00e9alisons des projets techniques encadr\u00e9s par notre prof. Ces travaux nous permettent d\u2019appliquer nos connaissances et de les pr\u00e9senter devant la classe pour un \u00e9change enrichissant.<\/p>\n<\/div><\/div>\n\n\n\n<div class=\"wp-block-cover alignfull has-parallax\" style=\"min-height:1000px;aspect-ratio:unset;\"><span aria-hidden=\"true\" class=\"wp-block-cover__background has-background-dim-0 has-background-dim\" style=\"background-color:#17122d\"><\/span><div class=\"wp-block-cover__image-background wp-image-158 has-parallax\" style=\"background-position:50% 50%;background-image:url(https:\/\/amine.abied.fr\/wp-content\/uploads\/2025\/02\/pawel-czerwinski-_hcYZYk9Abo-unsplash.jpg)\"><\/div><div class=\"wp-block-cover__inner-container is-layout-constrained wp-block-cover-is-layout-constrained\">\n<p class=\"has-text-align-center has-ast-global-color-5-color has-text-color has-link-color has-large-font-size wp-elements-3e5963753d1399912bba37251fea203c\">Les sujets abordent principalement les \u00e9nergies et les technologies durables, comme les centrales \u00e9lectriques, les \u00e9nergies renouvelables et les v\u00e9hicules \u00e9lectriques. Ces projets nous aident \u00e0 mieux comprendre les d\u00e9fis technologiques et environnementaux actuels.<\/p>\n<\/div><\/div>\n\n\n\n<div class=\"wp-block-cover alignfull is-light has-parallax\" style=\"min-height:500px;aspect-ratio:unset;\"><span aria-hidden=\"true\" class=\"wp-block-cover__background has-background-dim-0 has-background-dim\" style=\"background-color:#dee1ee\"><\/span><div class=\"wp-block-cover__image-background wp-image-165 has-parallax\" style=\"background-position:50% 50%;background-image:url(https:\/\/amine.abied.fr\/wp-content\/uploads\/2025\/02\/milad-fakurian-HE1_K4_-QT8-unsplash-scaled.jpg)\"><\/div><div class=\"wp-block-cover__inner-container is-layout-constrained wp-block-cover-is-layout-constrained\">\n<p class=\"has-text-align-center has-ast-global-color-8-color has-text-color has-link-color wp-elements-694947b6638e61b1d402a935d3d729e1\" style=\"font-size:54px;font-style:normal;font-weight:1000\"><strong>Trouver un projet :<\/strong><\/p>\n\n\n<ul style=\"font-style:normal;font-weight:1000;\" class=\"wp-block-page-list has-medium-font-size\"><li class=\"wp-block-pages-list__item\"><a class=\"wp-block-pages-list__item__link\" href=\"https:\/\/amine.abied.fr\/index.php\/projets\/bourgeois-gentilhomme\/\">Bourgeois Gentilhomme<\/a><\/li><li class=\"wp-block-pages-list__item\"><a class=\"wp-block-pages-list__item__link\" href=\"https:\/\/amine.abied.fr\/index.php\/projets\/lenergie-solaire\/\">L\u2019energie solaire\u200b<\/a><\/li><li class=\"wp-block-pages-list__item\"><a class=\"wp-block-pages-list__item__link\" href=\"https:\/\/amine.abied.fr\/index.php\/projets\/step-afourer\/\">STEP d&#8217;Afourer<\/a><\/li><li class=\"wp-block-pages-list__item\"><a class=\"wp-block-pages-list__item__link\" href=\"https:\/\/amine.abied.fr\/index.php\/projets\/140-2\/\">Xlinks<\/a><\/li><\/ul><\/div><\/div>\n\n\n\n<p><\/p>\n","protected":false},"excerpt":{"rendered":"","protected":false},"author":1,"featured_media":0,"parent":0,"menu_order":0,"comment_status":"closed","ping_status":"closed","template":"","meta":{"site-sidebar-layout":"default","site-content-layout":"","ast-site-content-layout":"default","site-content-style":"default","site-sidebar-style":"default","ast-global-header-display":"disabled","ast-banner-title-visibility":"","ast-main-header-display":"","ast-hfb-above-header-display":"","ast-hfb-below-header-display":"","ast-hfb-mobile-header-display":"","site-post-title":"disabled","ast-breadcrumbs-content":"","ast-featured-img":"","footer-sml-layout":"","ast-disable-related-posts":"","theme-transparent-header-meta":"","adv-header-id-meta":"","stick-header-meta":"","header-above-stick-meta":"","header-main-stick-meta":"","header-below-stick-meta":"","astra-migrate-meta-layouts":"default","ast-page-background-enabled":"default","ast-page-background-meta":{"desktop":{"background-color":"var(--ast-global-color-4)","background-image":"","background-repeat":"repeat","background-position":"center center","background-size":"auto","background-attachment":"scroll","background-type":"","background-media":"","overlay-type":"","overlay-color":"","overlay-opacity":"","overlay-gradient":""},"tablet":{"background-color":"","background-image":"","background-repeat":"repeat","background-position":"center center","background-size":"auto","background-attachment":"scroll","background-type":"","background-media":"","overlay-type":"","overlay-color":"","overlay-opacity":"","overlay-gradient":""},"mobile":{"background-color":"","background-image":"","background-repeat":"repeat","background-position":"center center","background-size":"auto","background-attachment":"scroll","background-type":"","background-media":"","overlay-type":"","overlay-color":"","overlay-opacity":"","overlay-gradient":""}},"ast-content-background-meta":{"desktop":{"background-color":"var(--ast-global-color-5)","background-image":"","background-repeat":"repeat","background-position":"center center","background-size":"auto","background-attachment":"scroll","background-type":"","background-media":"","overlay-type":"","overlay-color":"","overlay-opacity":"","overlay-gradient":""},"tablet":{"background-color":"var(--ast-global-color-5)","background-image":"","background-repeat":"repeat","background-position":"center center","background-size":"auto","background-attachment":"scroll","background-type":"","background-media":"","overlay-type":"","overlay-color":"","overlay-opacity":"","overlay-gradient":""},"mobile":{"background-color":"var(--ast-global-color-5)","background-image":"","background-repeat":"repeat","background-position":"center center","background-size":"auto","background-attachment":"scroll","background-type":"","background-media":"","overlay-type":"","overlay-color":"","overlay-opacity":"","overlay-gradient":""}},"footnotes":""},"class_list":["post-155","page","type-page","status-publish","hentry"],"yoast_head":"<!-- This site is optimized with the Yoast SEO plugin v27.3 - https:\/\/yoast.com\/product\/yoast-seo-wordpress\/ -->\n<title>Projets Scolaires -<\/title>\n<meta name=\"robots\" content=\"index, follow, max-snippet:-1, max-image-preview:large, max-video-preview:-1\" \/>\n<link rel=\"canonical\" href=\"https:\/\/amine.abied.fr\/index.php\/projets\/\" \/>\n<meta property=\"og:locale\" content=\"en_US\" \/>\n<meta property=\"og:type\" content=\"article\" \/>\n<meta property=\"og:title\" content=\"Projets Scolaires -\" \/>\n<meta property=\"og:url\" content=\"https:\/\/amine.abied.fr\/index.php\/projets\/\" \/>\n<meta property=\"article:modified_time\" content=\"2025-03-19T22:24:38+00:00\" \/>\n<meta name=\"twitter:card\" content=\"summary_large_image\" \/>\n<script type=\"application\/ld+json\" class=\"yoast-schema-graph\">{\"@context\":\"https:\\\/\\\/schema.org\",\"@graph\":[{\"@type\":\"WebPage\",\"@id\":\"https:\\\/\\\/amine.abied.fr\\\/index.php\\\/projets\\\/\",\"url\":\"https:\\\/\\\/amine.abied.fr\\\/index.php\\\/projets\\\/\",\"name\":\"Projets Scolaires -\",\"isPartOf\":{\"@id\":\"https:\\\/\\\/amine.abied.fr\\\/#website\"},\"datePublished\":\"2025-02-08T15:46:10+00:00\",\"dateModified\":\"2025-03-19T22:24:38+00:00\",\"breadcrumb\":{\"@id\":\"https:\\\/\\\/amine.abied.fr\\\/index.php\\\/projets\\\/#breadcrumb\"},\"inLanguage\":\"en-US\",\"potentialAction\":[{\"@type\":\"ReadAction\",\"target\":[\"https:\\\/\\\/amine.abied.fr\\\/index.php\\\/projets\\\/\"]}]},{\"@type\":\"BreadcrumbList\",\"@id\":\"https:\\\/\\\/amine.abied.fr\\\/index.php\\\/projets\\\/#breadcrumb\",\"itemListElement\":[{\"@type\":\"ListItem\",\"position\":1,\"name\":\"Home\",\"item\":\"https:\\\/\\\/amine.abied.fr\\\/\"},{\"@type\":\"ListItem\",\"position\":2,\"name\":\"Projets Scolaires\"}]},{\"@type\":\"WebSite\",\"@id\":\"https:\\\/\\\/amine.abied.fr\\\/#website\",\"url\":\"https:\\\/\\\/amine.abied.fr\\\/\",\"name\":\"Amine's website\",\"description\":\"\",\"publisher\":{\"@id\":\"https:\\\/\\\/amine.abied.fr\\\/#\\\/schema\\\/person\\\/08b3a764d17a96c093ccafc58068cfb1\"},\"potentialAction\":[{\"@type\":\"SearchAction\",\"target\":{\"@type\":\"EntryPoint\",\"urlTemplate\":\"https:\\\/\\\/amine.abied.fr\\\/?s={search_term_string}\"},\"query-input\":{\"@type\":\"PropertyValueSpecification\",\"valueRequired\":true,\"valueName\":\"search_term_string\"}}],\"inLanguage\":\"en-US\"},{\"@type\":[\"Person\",\"Organization\"],\"@id\":\"https:\\\/\\\/amine.abied.fr\\\/#\\\/schema\\\/person\\\/08b3a764d17a96c093ccafc58068cfb1\",\"name\":\"amine\",\"image\":{\"@type\":\"ImageObject\",\"inLanguage\":\"en-US\",\"@id\":\"https:\\\/\\\/amine.abied.fr\\\/wp-content\\\/uploads\\\/2024\\\/10\\\/cropped-cropped-amine-logo-white.png\",\"url\":\"https:\\\/\\\/amine.abied.fr\\\/wp-content\\\/uploads\\\/2024\\\/10\\\/cropped-cropped-amine-logo-white.png\",\"contentUrl\":\"https:\\\/\\\/amine.abied.fr\\\/wp-content\\\/uploads\\\/2024\\\/10\\\/cropped-cropped-amine-logo-white.png\",\"width\":1203,\"height\":270,\"caption\":\"amine\"},\"logo\":{\"@id\":\"https:\\\/\\\/amine.abied.fr\\\/wp-content\\\/uploads\\\/2024\\\/10\\\/cropped-cropped-amine-logo-white.png\"},\"sameAs\":[\"https:\\\/\\\/amine.abied.fr\"]}]}<\/script>\n<!-- \/ Yoast SEO plugin. -->","yoast_head_json":{"title":"Projets Scolaires -","robots":{"index":"index","follow":"follow","max-snippet":"max-snippet:-1","max-image-preview":"max-image-preview:large","max-video-preview":"max-video-preview:-1"},"canonical":"https:\/\/amine.abied.fr\/index.php\/projets\/","og_locale":"en_US","og_type":"article","og_title":"Projets Scolaires -","og_url":"https:\/\/amine.abied.fr\/index.php\/projets\/","article_modified_time":"2025-03-19T22:24:38+00:00","twitter_card":"summary_large_image","schema":{"@context":"https:\/\/schema.org","@graph":[{"@type":"WebPage","@id":"https:\/\/amine.abied.fr\/index.php\/projets\/","url":"https:\/\/amine.abied.fr\/index.php\/projets\/","name":"Projets Scolaires -","isPartOf":{"@id":"https:\/\/amine.abied.fr\/#website"},"datePublished":"2025-02-08T15:46:10+00:00","dateModified":"2025-03-19T22:24:38+00:00","breadcrumb":{"@id":"https:\/\/amine.abied.fr\/index.php\/projets\/#breadcrumb"},"inLanguage":"en-US","potentialAction":[{"@type":"ReadAction","target":["https:\/\/amine.abied.fr\/index.php\/projets\/"]}]},{"@type":"BreadcrumbList","@id":"https:\/\/amine.abied.fr\/index.php\/projets\/#breadcrumb","itemListElement":[{"@type":"ListItem","position":1,"name":"Home","item":"https:\/\/amine.abied.fr\/"},{"@type":"ListItem","position":2,"name":"Projets Scolaires"}]},{"@type":"WebSite","@id":"https:\/\/amine.abied.fr\/#website","url":"https:\/\/amine.abied.fr\/","name":"Amine's website","description":"","publisher":{"@id":"https:\/\/amine.abied.fr\/#\/schema\/person\/08b3a764d17a96c093ccafc58068cfb1"},"potentialAction":[{"@type":"SearchAction","target":{"@type":"EntryPoint","urlTemplate":"https:\/\/amine.abied.fr\/?s={search_term_string}"},"query-input":{"@type":"PropertyValueSpecification","valueRequired":true,"valueName":"search_term_string"}}],"inLanguage":"en-US"},{"@type":["Person","Organization"],"@id":"https:\/\/amine.abied.fr\/#\/schema\/person\/08b3a764d17a96c093ccafc58068cfb1","name":"amine","image":{"@type":"ImageObject","inLanguage":"en-US","@id":"https:\/\/amine.abied.fr\/wp-content\/uploads\/2024\/10\/cropped-cropped-amine-logo-white.png","url":"https:\/\/amine.abied.fr\/wp-content\/uploads\/2024\/10\/cropped-cropped-amine-logo-white.png","contentUrl":"https:\/\/amine.abied.fr\/wp-content\/uploads\/2024\/10\/cropped-cropped-amine-logo-white.png","width":1203,"height":270,"caption":"amine"},"logo":{"@id":"https:\/\/amine.abied.fr\/wp-content\/uploads\/2024\/10\/cropped-cropped-amine-logo-white.png"},"sameAs":["https:\/\/amine.abied.fr"]}]}},"_links":{"self":[{"href":"https:\/\/amine.abied.fr\/index.php\/wp-json\/wp\/v2\/pages\/155","targetHints":{"allow":["GET"]}}],"collection":[{"href":"https:\/\/amine.abied.fr\/index.php\/wp-json\/wp\/v2\/pages"}],"about":[{"href":"https:\/\/amine.abied.fr\/index.php\/wp-json\/wp\/v2\/types\/page"}],"author":[{"embeddable":true,"href":"https:\/\/amine.abied.fr\/index.php\/wp-json\/wp\/v2\/users\/1"}],"replies":[{"embeddable":true,"href":"https:\/\/amine.abied.fr\/index.php\/wp-json\/wp\/v2\/comments?post=155"}],"version-history":[{"count":10,"href":"https:\/\/amine.abied.fr\/index.php\/wp-json\/wp\/v2\/pages\/155\/revisions"}],"predecessor-version":[{"id":179,"href":"https:\/\/amine.abied.fr\/index.php\/wp-json\/wp\/v2\/pages\/155\/revisions\/179"}],"wp:attachment":[{"href":"https:\/\/amine.abied.fr\/index.php\/wp-json\/wp\/v2\/media?parent=155"}],"curies":[{"name":"wp","href":"https:\/\/api.w.org\/{rel}","templated":true}]}}