{"id":238,"date":"2025-10-16T20:32:46","date_gmt":"2025-10-16T20:32:46","guid":{"rendered":"https:\/\/amine.abied.fr\/?page_id=238"},"modified":"2025-11-06T17:43:40","modified_gmt":"2025-11-06T17:43:40","slug":"smart-garage","status":"publish","type":"page","link":"https:\/\/amine.abied.fr\/index.php\/smart-garage\/","title":{"rendered":"Smart Garage"},"content":{"rendered":"\n<div class=\"wp-block-cover is-light\"><video class=\"wp-block-cover__video-background intrinsic-ignore\" autoplay muted loop playsinline src=\"https:\/\/amine.abied.fr\/wp-content\/uploads\/2025\/10\/9150545-hd_1280_720_24fps.mp4\" data-object-fit=\"cover\"><\/video><span aria-hidden=\"true\" class=\"wp-block-cover__background has-background-dim\" style=\"background-color:#FFF\"><\/span><div class=\"wp-block-cover__inner-container is-layout-constrained wp-block-cover-is-layout-constrained\">\n<div style=\"height:61px\" aria-hidden=\"true\" class=\"wp-block-spacer\"><\/div>\n\n\n\n<figure class=\"wp-block-image aligncenter size-large is-resized\"><img loading=\"lazy\" decoding=\"async\" width=\"1024\" height=\"211\" src=\"https:\/\/amine.abied.fr\/wp-content\/uploads\/2025\/10\/logo_smart_parkingfarabi-2-1024x211.png\" alt=\"\" class=\"wp-image-256\" style=\"width:324px;height:auto\" srcset=\"https:\/\/amine.abied.fr\/wp-content\/uploads\/2025\/10\/logo_smart_parkingfarabi-2-1024x211.png 1024w, https:\/\/amine.abied.fr\/wp-content\/uploads\/2025\/10\/logo_smart_parkingfarabi-2-300x62.png 300w, https:\/\/amine.abied.fr\/wp-content\/uploads\/2025\/10\/logo_smart_parkingfarabi-2-768x158.png 768w, https:\/\/amine.abied.fr\/wp-content\/uploads\/2025\/10\/logo_smart_parkingfarabi-2-1536x317.png 1536w, https:\/\/amine.abied.fr\/wp-content\/uploads\/2025\/10\/logo_smart_parkingfarabi-2-2048x422.png 2048w\" sizes=\"auto, (max-width: 1024px) 100vw, 1024px\" \/><\/figure>\n\n\n\n<div style=\"height:49px\" aria-hidden=\"true\" class=\"wp-block-spacer\"><\/div>\n\n\n\n<p class=\"has-text-align-center has-ast-global-color-1-color has-text-color has-link-color has-x-large-font-size wp-elements-400febad699aa34450ab3fe387ec8776\" style=\"margin-top:0;margin-bottom:0;font-style:normal;font-weight:800\"><strong>Smart Parking<\/strong><\/p>\n\n\n\n<p class=\"has-text-align-center has-ast-global-color-7-color has-text-color has-link-color wp-elements-ea181674f1ddaf00d53914328362d96c\"><strong><em>Trouvez votre place en un instan<\/em><\/strong><em><strong>t<\/strong> !<\/em><\/p>\n\n\n\n<div style=\"height:71px\" aria-hidden=\"true\" class=\"wp-block-spacer\"><\/div>\n\n\n\n<div class=\"wp-block-buttons is-content-justification-center is-layout-flex wp-container-core-buttons-is-layout-918da262 wp-block-buttons-is-layout-flex\">\n<div class=\"wp-block-button is-style-fill\"><a class=\"wp-block-button__link has-ast-global-color-5-color has-text-color has-link-color has-text-align-center wp-element-button\" href=\"#concept\" style=\"padding-top:var(--wp--preset--spacing--30);padding-right:var(--wp--preset--spacing--20);padding-bottom:var(--wp--preset--spacing--30);padding-left:var(--wp--preset--spacing--20)\"><strong>D\u00e9couvrir le projet<\/strong> <\/a><\/div>\n<\/div>\n<\/div><\/div>\n\n\n\n<div style=\"height:100px\" aria-hidden=\"true\" class=\"wp-block-spacer\"><\/div>\n\n\n\n<h1 class=\"wp-block-heading has-text-align-center has-ast-global-color-0-color has-text-color has-link-color wp-elements-79911f797b4ac1a44c0076fa53623630\" id=\"concept\"><strong>Concept<\/strong><\/h1>\n\n\n\n<p class=\"has-text-align-center\">Notre <strong>SYST\u00c8ME<\/strong> utilise une <strong>CAM\u00c9RA DE SURVEILLANCE<\/strong> pour <strong>ANALYSER EN TEMPS R\u00c9EL<\/strong> l\u2019\u00e9tat du parking.<\/p>\n\n\n\n<p class=\"has-text-align-center\">Gr\u00e2ce \u00e0 un <strong>TRAITEMENT D\u2019IMAGE AUTOMATIS\u00c9<\/strong>, <\/p>\n\n\n\n<p class=\"has-text-align-center\">il <strong>D\u00c9TECTE LES PLACES DISPONIBLES<\/strong> et <strong>AFFICHE LES EMPLACEMENTS LIBRES<\/strong> sur un <strong>\u00c9CRAN D\u2019ORIENTATION<\/strong> destin\u00e9 aux <strong>CONDUCTEURS<\/strong>.<\/p>\n\n\n\n<div style=\"height:123px\" aria-hidden=\"true\" class=\"wp-block-spacer\"><\/div>\n\n\n\n<div class=\"wp-block-cover is-light has-parallax\"><div class=\"wp-block-cover__image-background wp-image-267 size-large has-parallax\" style=\"background-position:50% 50%;background-image:url(https:\/\/amine.abied.fr\/wp-content\/uploads\/2025\/11\/milad-fakurian-GJKx5lhwU3M-unsplash-1024x768.jpg)\"><\/div><span aria-hidden=\"true\" class=\"wp-block-cover__background has-background-dim\" style=\"background-color:#e3e8ef\"><\/span><div class=\"wp-block-cover__inner-container is-layout-constrained wp-block-cover-is-layout-constrained\">\n<p class=\"has-text-align-center has-large-font-size\"><strong>Oui, c\u2019est <mark style=\"background-color:rgba(0, 0, 0, 0)\" class=\"has-inline-color has-ast-global-color-0-color\">SUPER SIMPLE<\/mark> !<\/strong><\/p>\n\n\n\n<p class=\"has-text-align-center has-large-font-size\"><strong>Oui, c\u2019est <mark style=\"background-color:rgba(0, 0, 0, 0)\" class=\"has-inline-color has-ast-global-color-0-color\">RAPIDE<\/mark> et <mark style=\"background-color:rgba(0, 0, 0, 0)\" class=\"has-inline-color has-ast-global-color-0-color\">EFFICACE<\/mark> !<\/strong><\/p>\n\n\n\n<p class=\"has-text-align-center has-large-font-size\"><strong>Oui, c\u2019est <mark style=\"background-color:rgba(0, 0, 0, 0)\" class=\"has-inline-color has-ast-global-color-0-color\">FUN<\/mark> et <mark style=\"background-color:rgba(0, 0, 0, 0)\" class=\"has-inline-color has-ast-global-color-0-color\">PRATIQUE<\/mark> !<\/strong><\/p>\n<\/div><\/div>\n\n\n\n<div style=\"height:137px\" aria-hidden=\"true\" class=\"wp-block-spacer\"><\/div>\n\n\n\n<h2 class=\"wp-block-heading has-text-align-center\"><mark style=\"background-color:rgba(0, 0, 0, 0)\" class=\"has-inline-color has-ast-global-color-0-color\">Curieux ? <\/mark>D\u00e9couvre toutes les informations dans notre rapport !<\/h2>\n\n\n\n<p class=\"has-text-align-center\"><a href=\"https:\/\/docs.google.com\/document\/d\/1krrx_1zRlrwvK6_QxIa9OqmZfIp_d6DNAZn6rpJx_5o\/edit?usp=sharing\">Voici le document<\/a><\/p>\n\n\n\n<div style=\"height:100px\" aria-hidden=\"true\" class=\"wp-block-spacer\"><\/div>\n\n\n\n<!DOCTYPE html>\n<html lang=\"fr\">\n<head>\n<meta charset=\"UTF-8\">\n<title>Projet en d\u00e9veloppement<\/title>\n<!-- Importer une police moderne depuis Google Fonts -->\n<link href=\"https:\/\/fonts.googleapis.com\/css2?family=Roboto:wght@700&#038;display=swap\" rel=\"stylesheet\">\n<style>\n\/* Conteneur du texte d\u00e9filant *\/\n.marquee-container {\n  width: 100%;\n  overflow: hidden;\n  background-color: transparent; \/* Fond transparent *\/\n  padding: 10px 0;\n  box-sizing: border-box;\n}\n\n\/* Texte d\u00e9filant *\/\n.marquee-text {\n  display: inline-block;\n  white-space: nowrap;\n  padding-left: 100%;\n  font-size: 20px;\n  font-weight: 700;\n  color: #000000; \/* Texte noir *\/\n  font-family: 'Roboto', sans-serif; \/* Police moderne *\/\n  animation: marquee 12s linear infinite; \/* Vitesse du d\u00e9filement *\/\n}\n\n\/* Animation *\/\n@keyframes marquee {\n  0% { transform: translateX(0%); }\n  100% { transform: translateX(-100%); }\n}\n<\/style>\n<\/head>\n<body>\n\n<div class=\"marquee-container\">\n  <div class=\"marquee-text\">\n   Notre projet est en cours de d\u00e9veloppement et n&#8217;est pas encore dans sa version finale !\n  <\/div>\n<\/div>\n\n<\/body>\n<\/html>\n\n\n\n<div style=\"height:51px\" aria-hidden=\"true\" class=\"wp-block-spacer\"><\/div>\n","protected":false},"excerpt":{"rendered":"<p>Concept Notre SYST\u00c8ME utilise une CAM\u00c9RA DE SURVEILLANCE pour ANALYSER EN TEMPS R\u00c9EL l\u2019\u00e9tat du parking. Gr\u00e2ce \u00e0 un TRAITEMENT [&hellip;]<\/p>\n","protected":false},"author":1,"featured_media":0,"parent":0,"menu_order":0,"comment_status":"closed","ping_status":"closed","template":"","meta":{"site-sidebar-layout":"default","site-content-layout":"","ast-site-content-layout":"full-width-container","site-content-style":"unboxed","site-sidebar-style":"default","ast-global-header-display":"","ast-banner-title-visibility":"","ast-main-header-display":"","ast-hfb-above-header-display":"","ast-hfb-below-header-display":"","ast-hfb-mobile-header-display":"","site-post-title":"disabled","ast-breadcrumbs-content":"","ast-featured-img":"","footer-sml-layout":"","ast-disable-related-posts":"","theme-transparent-header-meta":"","adv-header-id-meta":"","stick-header-meta":"","header-above-stick-meta":"","header-main-stick-meta":"","header-below-stick-meta":"","astra-migrate-meta-layouts":"default","ast-page-background-enabled":"default","ast-page-background-meta":{"desktop":{"background-color":"var(--ast-global-color-4)","background-image":"","background-repeat":"repeat","background-position":"center center","background-size":"auto","background-attachment":"scroll","background-type":"","background-media":"","overlay-type":"","overlay-color":"","overlay-opacity":"","overlay-gradient":""},"tablet":{"background-color":"","background-image":"","background-repeat":"repeat","background-position":"center center","background-size":"auto","background-attachment":"scroll","background-type":"","background-media":"","overlay-type":"","overlay-color":"","overlay-opacity":"","overlay-gradient":""},"mobile":{"background-color":"","background-image":"","background-repeat":"repeat","background-position":"center center","background-size":"auto","background-attachment":"scroll","background-type":"","background-media":"","overlay-type":"","overlay-color":"","overlay-opacity":"","overlay-gradient":""}},"ast-content-background-meta":{"desktop":{"background-color":"var(--ast-global-color-5)","background-image":"","background-repeat":"repeat","background-position":"center center","background-size":"auto","background-attachment":"scroll","background-type":"","background-media":"","overlay-type":"","overlay-color":"","overlay-opacity":"","overlay-gradient":""},"tablet":{"background-color":"var(--ast-global-color-5)","background-image":"","background-repeat":"repeat","background-position":"center center","background-size":"auto","background-attachment":"scroll","background-type":"","background-media":"","overlay-type":"","overlay-color":"","overlay-opacity":"","overlay-gradient":""},"mobile":{"background-color":"var(--ast-global-color-5)","background-image":"","background-repeat":"repeat","background-position":"center center","background-size":"auto","background-attachment":"scroll","background-type":"","background-media":"","overlay-type":"","overlay-color":"","overlay-opacity":"","overlay-gradient":""}},"footnotes":""},"class_list":["post-238","page","type-page","status-publish","hentry"],"yoast_head":"<!-- This site is optimized with the Yoast SEO plugin v27.3 - https:\/\/yoast.com\/product\/yoast-seo-wordpress\/ -->\n<title>Smart Garage -<\/title>\n<meta name=\"robots\" content=\"index, follow, max-snippet:-1, max-image-preview:large, max-video-preview:-1\" \/>\n<link rel=\"canonical\" href=\"https:\/\/amine.abied.fr\/index.php\/smart-garage\/\" \/>\n<meta property=\"og:locale\" content=\"en_US\" \/>\n<meta property=\"og:type\" content=\"article\" \/>\n<meta property=\"og:title\" content=\"Smart Garage -\" \/>\n<meta property=\"og:description\" content=\"Concept Notre SYST\u00c8ME utilise une CAM\u00c9RA DE SURVEILLANCE pour ANALYSER EN TEMPS R\u00c9EL l\u2019\u00e9tat du parking. Gr\u00e2ce \u00e0 un TRAITEMENT [&hellip;]\" \/>\n<meta property=\"og:url\" content=\"https:\/\/amine.abied.fr\/index.php\/smart-garage\/\" \/>\n<meta property=\"article:modified_time\" content=\"2025-11-06T17:43:40+00:00\" \/>\n<meta property=\"og:image\" content=\"https:\/\/amine.abied.fr\/wp-content\/uploads\/2025\/10\/logo_smart_parkingfarabi-2-scaled.png\" \/>\n\t<meta property=\"og:image:width\" content=\"2560\" \/>\n\t<meta property=\"og:image:height\" content=\"528\" \/>\n\t<meta property=\"og:image:type\" content=\"image\/png\" \/>\n<meta name=\"twitter:card\" content=\"summary_large_image\" \/>\n<meta name=\"twitter:label1\" content=\"Est. reading time\" \/>\n\t<meta name=\"twitter:data1\" content=\"1 minute\" \/>\n<script type=\"application\/ld+json\" class=\"yoast-schema-graph\">{\"@context\":\"https:\\\/\\\/schema.org\",\"@graph\":[{\"@type\":\"WebPage\",\"@id\":\"https:\\\/\\\/amine.abied.fr\\\/index.php\\\/smart-garage\\\/\",\"url\":\"https:\\\/\\\/amine.abied.fr\\\/index.php\\\/smart-garage\\\/\",\"name\":\"Smart Garage -\",\"isPartOf\":{\"@id\":\"https:\\\/\\\/amine.abied.fr\\\/#website\"},\"primaryImageOfPage\":{\"@id\":\"https:\\\/\\\/amine.abied.fr\\\/index.php\\\/smart-garage\\\/#primaryimage\"},\"image\":{\"@id\":\"https:\\\/\\\/amine.abied.fr\\\/index.php\\\/smart-garage\\\/#primaryimage\"},\"thumbnailUrl\":\"https:\\\/\\\/amine.abied.fr\\\/wp-content\\\/uploads\\\/2025\\\/10\\\/logo_smart_parkingfarabi-2-1024x211.png\",\"datePublished\":\"2025-10-16T20:32:46+00:00\",\"dateModified\":\"2025-11-06T17:43:40+00:00\",\"breadcrumb\":{\"@id\":\"https:\\\/\\\/amine.abied.fr\\\/index.php\\\/smart-garage\\\/#breadcrumb\"},\"inLanguage\":\"en-US\",\"potentialAction\":[{\"@type\":\"ReadAction\",\"target\":[\"https:\\\/\\\/amine.abied.fr\\\/index.php\\\/smart-garage\\\/\"]}]},{\"@type\":\"ImageObject\",\"inLanguage\":\"en-US\",\"@id\":\"https:\\\/\\\/amine.abied.fr\\\/index.php\\\/smart-garage\\\/#primaryimage\",\"url\":\"https:\\\/\\\/amine.abied.fr\\\/wp-content\\\/uploads\\\/2025\\\/10\\\/logo_smart_parkingfarabi-2-scaled.png\",\"contentUrl\":\"https:\\\/\\\/amine.abied.fr\\\/wp-content\\\/uploads\\\/2025\\\/10\\\/logo_smart_parkingfarabi-2-scaled.png\",\"width\":2560,\"height\":528},{\"@type\":\"BreadcrumbList\",\"@id\":\"https:\\\/\\\/amine.abied.fr\\\/index.php\\\/smart-garage\\\/#breadcrumb\",\"itemListElement\":[{\"@type\":\"ListItem\",\"position\":1,\"name\":\"Home\",\"item\":\"https:\\\/\\\/amine.abied.fr\\\/\"},{\"@type\":\"ListItem\",\"position\":2,\"name\":\"Smart Garage\"}]},{\"@type\":\"WebSite\",\"@id\":\"https:\\\/\\\/amine.abied.fr\\\/#website\",\"url\":\"https:\\\/\\\/amine.abied.fr\\\/\",\"name\":\"Amine's website\",\"description\":\"\",\"publisher\":{\"@id\":\"https:\\\/\\\/amine.abied.fr\\\/#\\\/schema\\\/person\\\/08b3a764d17a96c093ccafc58068cfb1\"},\"potentialAction\":[{\"@type\":\"SearchAction\",\"target\":{\"@type\":\"EntryPoint\",\"urlTemplate\":\"https:\\\/\\\/amine.abied.fr\\\/?s={search_term_string}\"},\"query-input\":{\"@type\":\"PropertyValueSpecification\",\"valueRequired\":true,\"valueName\":\"search_term_string\"}}],\"inLanguage\":\"en-US\"},{\"@type\":[\"Person\",\"Organization\"],\"@id\":\"https:\\\/\\\/amine.abied.fr\\\/#\\\/schema\\\/person\\\/08b3a764d17a96c093ccafc58068cfb1\",\"name\":\"amine\",\"image\":{\"@type\":\"ImageObject\",\"inLanguage\":\"en-US\",\"@id\":\"https:\\\/\\\/amine.abied.fr\\\/wp-content\\\/uploads\\\/2024\\\/10\\\/cropped-cropped-amine-logo-white.png\",\"url\":\"https:\\\/\\\/amine.abied.fr\\\/wp-content\\\/uploads\\\/2024\\\/10\\\/cropped-cropped-amine-logo-white.png\",\"contentUrl\":\"https:\\\/\\\/amine.abied.fr\\\/wp-content\\\/uploads\\\/2024\\\/10\\\/cropped-cropped-amine-logo-white.png\",\"width\":1203,\"height\":270,\"caption\":\"amine\"},\"logo\":{\"@id\":\"https:\\\/\\\/amine.abied.fr\\\/wp-content\\\/uploads\\\/2024\\\/10\\\/cropped-cropped-amine-logo-white.png\"},\"sameAs\":[\"https:\\\/\\\/amine.abied.fr\"]}]}<\/script>\n<!-- \/ Yoast SEO plugin. -->","yoast_head_json":{"title":"Smart Garage -","robots":{"index":"index","follow":"follow","max-snippet":"max-snippet:-1","max-image-preview":"max-image-preview:large","max-video-preview":"max-video-preview:-1"},"canonical":"https:\/\/amine.abied.fr\/index.php\/smart-garage\/","og_locale":"en_US","og_type":"article","og_title":"Smart Garage -","og_description":"Concept Notre SYST\u00c8ME utilise une CAM\u00c9RA DE SURVEILLANCE pour ANALYSER EN TEMPS R\u00c9EL l\u2019\u00e9tat du parking. Gr\u00e2ce \u00e0 un TRAITEMENT [&hellip;]","og_url":"https:\/\/amine.abied.fr\/index.php\/smart-garage\/","article_modified_time":"2025-11-06T17:43:40+00:00","og_image":[{"width":2560,"height":528,"url":"https:\/\/amine.abied.fr\/wp-content\/uploads\/2025\/10\/logo_smart_parkingfarabi-2-scaled.png","type":"image\/png"}],"twitter_card":"summary_large_image","twitter_misc":{"Est. reading time":"1 minute"},"schema":{"@context":"https:\/\/schema.org","@graph":[{"@type":"WebPage","@id":"https:\/\/amine.abied.fr\/index.php\/smart-garage\/","url":"https:\/\/amine.abied.fr\/index.php\/smart-garage\/","name":"Smart Garage -","isPartOf":{"@id":"https:\/\/amine.abied.fr\/#website"},"primaryImageOfPage":{"@id":"https:\/\/amine.abied.fr\/index.php\/smart-garage\/#primaryimage"},"image":{"@id":"https:\/\/amine.abied.fr\/index.php\/smart-garage\/#primaryimage"},"thumbnailUrl":"https:\/\/amine.abied.fr\/wp-content\/uploads\/2025\/10\/logo_smart_parkingfarabi-2-1024x211.png","datePublished":"2025-10-16T20:32:46+00:00","dateModified":"2025-11-06T17:43:40+00:00","breadcrumb":{"@id":"https:\/\/amine.abied.fr\/index.php\/smart-garage\/#breadcrumb"},"inLanguage":"en-US","potentialAction":[{"@type":"ReadAction","target":["https:\/\/amine.abied.fr\/index.php\/smart-garage\/"]}]},{"@type":"ImageObject","inLanguage":"en-US","@id":"https:\/\/amine.abied.fr\/index.php\/smart-garage\/#primaryimage","url":"https:\/\/amine.abied.fr\/wp-content\/uploads\/2025\/10\/logo_smart_parkingfarabi-2-scaled.png","contentUrl":"https:\/\/amine.abied.fr\/wp-content\/uploads\/2025\/10\/logo_smart_parkingfarabi-2-scaled.png","width":2560,"height":528},{"@type":"BreadcrumbList","@id":"https:\/\/amine.abied.fr\/index.php\/smart-garage\/#breadcrumb","itemListElement":[{"@type":"ListItem","position":1,"name":"Home","item":"https:\/\/amine.abied.fr\/"},{"@type":"ListItem","position":2,"name":"Smart Garage"}]},{"@type":"WebSite","@id":"https:\/\/amine.abied.fr\/#website","url":"https:\/\/amine.abied.fr\/","name":"Amine's website","description":"","publisher":{"@id":"https:\/\/amine.abied.fr\/#\/schema\/person\/08b3a764d17a96c093ccafc58068cfb1"},"potentialAction":[{"@type":"SearchAction","target":{"@type":"EntryPoint","urlTemplate":"https:\/\/amine.abied.fr\/?s={search_term_string}"},"query-input":{"@type":"PropertyValueSpecification","valueRequired":true,"valueName":"search_term_string"}}],"inLanguage":"en-US"},{"@type":["Person","Organization"],"@id":"https:\/\/amine.abied.fr\/#\/schema\/person\/08b3a764d17a96c093ccafc58068cfb1","name":"amine","image":{"@type":"ImageObject","inLanguage":"en-US","@id":"https:\/\/amine.abied.fr\/wp-content\/uploads\/2024\/10\/cropped-cropped-amine-logo-white.png","url":"https:\/\/amine.abied.fr\/wp-content\/uploads\/2024\/10\/cropped-cropped-amine-logo-white.png","contentUrl":"https:\/\/amine.abied.fr\/wp-content\/uploads\/2024\/10\/cropped-cropped-amine-logo-white.png","width":1203,"height":270,"caption":"amine"},"logo":{"@id":"https:\/\/amine.abied.fr\/wp-content\/uploads\/2024\/10\/cropped-cropped-amine-logo-white.png"},"sameAs":["https:\/\/amine.abied.fr"]}]}},"_links":{"self":[{"href":"https:\/\/amine.abied.fr\/index.php\/wp-json\/wp\/v2\/pages\/238","targetHints":{"allow":["GET"]}}],"collection":[{"href":"https:\/\/amine.abied.fr\/index.php\/wp-json\/wp\/v2\/pages"}],"about":[{"href":"https:\/\/amine.abied.fr\/index.php\/wp-json\/wp\/v2\/types\/page"}],"author":[{"embeddable":true,"href":"https:\/\/amine.abied.fr\/index.php\/wp-json\/wp\/v2\/users\/1"}],"replies":[{"embeddable":true,"href":"https:\/\/amine.abied.fr\/index.php\/wp-json\/wp\/v2\/comments?post=238"}],"version-history":[{"count":13,"href":"https:\/\/amine.abied.fr\/index.php\/wp-json\/wp\/v2\/pages\/238\/revisions"}],"predecessor-version":[{"id":297,"href":"https:\/\/amine.abied.fr\/index.php\/wp-json\/wp\/v2\/pages\/238\/revisions\/297"}],"wp:attachment":[{"href":"https:\/\/amine.abied.fr\/index.php\/wp-json\/wp\/v2\/media?parent=238"}],"curies":[{"name":"wp","href":"https:\/\/api.w.org\/{rel}","templated":true}]}}